{"id":52,"date":"2014-02-09T14:05:10","date_gmt":"2014-02-09T12:05:10","guid":{"rendered":"http:\/\/astrosana.ch\/?page_id=52"},"modified":"2014-02-11T15:56:01","modified_gmt":"2014-02-11T13:56:01","slug":"heilpendeln","status":"publish","type":"page","link":"https:\/\/astrosana.ch\/?page_id=52","title":{"rendered":"Heilpendeln"},"content":{"rendered":"<p><strong>Der inneren F\u00fchrung folgen<br \/>\nDen \u00e2\u20ac\u017eWeg des Herzens\u00e2\u20ac\u0153 gehen<br \/>\nSich dem neuen Bewusstsein \u00f6ffnen<\/strong><\/p>\n<p>Das Heilpendeln ist eine uralte Weisheit, die schon unsere Vorfahren kannten. Man wusste wie man sich selbst und anderen in Gesundheit und Krankheit helfen konnte. Heute wird es wieder neu entdeckt und erneut zum Leben erweckt. Das Heilpendeln erfordert Wissen \u00fcber K\u00f6rper und Seele.<\/p>\n<p>Es gibt heute sehr vieles was uns hilft das Leben ein bisschen lebenswerter zu machen. Heilpendeln ist eines davon und aus Erfahrung weiss ich, dass es eine wundervolle Hilfe und Unterst\u00fctzung sein kann.<\/p>\n<p>Alle Chakren k\u00f6nnen damit hervorragend harmonisiert und ausgeglichen werden.<br \/>\nBei der Chakraharmonisierung durch das Pendel schliesst sich eine Chakrabalance an. Damit k\u00f6nnen die ver\u00e4nderten energetischen Zust\u00e4nde in den Chakren besser integriert und verarbeitet werden.<\/p>\n<p>Mit dem Heilpendel werden Chakren und Auren gereinigt, harmonisiert und gest\u00e4rkt. Ebenso k\u00f6nnen auch s\u00e4mtliche k\u00f6rperlichen Beschwerden damit behandelt werden.<\/p>\n<p>Moderne Lebensweisen, Hektik, Stress, ungel\u00f6ste Konflikte und emotionaler Druck f\u00fchren dazu, dass sich in den Chakren Stauungen bilden und feinstoffliche Verunreinigungen absetzen k\u00f6nnen. Sie beeintr\u00e4chtigen die Funktion erheblich und f\u00fchren zur Blockade. Blockaden sind die Ursache daf\u00fcr, dass die Einheit von K\u00f6rper, Geist und Seele teilweise vom universellen Lebensstrom abgeschnitten werden und verk\u00fcmmern.<\/p>\n<p><img decoding=\"async\" src=\"http:\/\/astrosana.ch\/wp-content\/bilder\/heilpendel_hand.jpg\" width =\"250\"><\/p>\n<p>Durch das Heilpendeln wird negatives Bioplasma aus unserem biologischen System entfernt und mit positivem Bioplasma wieder aufgef\u00fcllt. Hierdurch werden der K\u00f6rper und das Energiesystem von Blockaden und negativen Energien befreit und gest\u00e4rkt. Die Selbstheilungskr\u00e4fte k\u00f6nnen sich nun entfalten und die Heilung kann beginnen.<\/p>\n<p>Die 7 Chakren sind die wichtigsten Energiezentren des K\u00f6rpers. Sie nehmen universelle Lebensenergie auf und verteilen sie an Organe, Geist und Seele. Je besser dieser Austausch funktioniert, umso zufriedener, gl\u00fccklicher, ges\u00fcnder und erfolgreicher ist der Mensch.<\/p>\n<p>Durch den Chakren-Ausgleich wird Ihr Energiesystem verbessert, Ihr Energieniveau angehoben und damit auch Ihre intuitive Kraft gest\u00e4rkt. Dadurch werden K\u00f6rper, Geist und Seele in Einklang gebracht und dieses f\u00f6rdert den Heilprozess. Der Stoffwechsel wird angeregt, die Entgiftungsprozesse aktiviert, das Immunsystem wird gest\u00e4rkt, Bewusstseinsprozesse werden erweitert.<\/p>\n<p>In Verbindung mit meinem \u00e2\u20ac\u017eh\u00f6heren Selbst\u00e2\u20ac\u0153 und dem \u00e2\u20ac\u017eh\u00f6heren Selbst\u00e2\u20ac\u0153 des Klienten kann Heilung auf allen Ebenen des Seins geschehen. Durch \u00e0\u0153bertragung von hohen Energien (Schwingungen) auf erkrankte Organe werden Selbstheilungs- kr\u00e4fte mobilisiert.<\/p>\n<p>F\u00fcr mich ist Heilpendeln eine der intensivsten Alternativen die wir heute zur Verf\u00fcgung haben. Es ersetzt jedoch keinen Arzt oder eine Therapie, es ersetzt auch keine Medikamente.<\/p>\n<p>Heilpendeln kann auch \u00fcber Fernbehandlung erfolgen. Diese ist nicht weniger wirkungsvoll als eine Direktbehandlung. Dabei arbeite ich \u00fcber die Fussreflexzonen und nach chinesischem Horoskop. Daher ben\u00f6tige ich Ihr Geburtsdatum und ein Ganzk\u00f6rperfoto.<\/p>\n<p><strong>Menschen begleiten und T\u00fcren \u00f6ffnen,<br \/>\num Heilung, Mut und Zuversicht zu erm\u00f6glichen,<br \/>\ndies ist der Reichtum meiner t\u00e4glichen Arbeit.<\/strong><\/p>\n","protected":false},"excerpt":{"rendered":"<p>Der inneren F\u00fchrung folgen Den \u00e2\u20ac\u017eWeg des Herzens\u00e2\u20ac\u0153 gehen Sich dem neuen Bewusstsein \u00f6ffnen Das Heilpendeln ist eine uralte Weisheit, die schon unsere Vorfahren kannten. Man wusste wie man sich selbst und anderen in Gesundheit und Krankheit helfen konnte. Heute wird es wieder neu entdeckt und erneut zum Leben erweckt. Das Heilpendeln erfordert Wissen \u00fcber [&hellip;]<\/p>\n","protected":false},"author":1,"featured_media":0,"parent":46,"menu_order":2,"comment_status":"open","ping_status":"open","template":"","meta":{"footnotes":""},"class_list":["post-52","page","type-page","status-publish","hentry"],"_links":{"self":[{"href":"https:\/\/astrosana.ch\/index.php?rest_route=\/wp\/v2\/pages\/52","targetHints":{"allow":["GET"]}}],"collection":[{"href":"https:\/\/astrosana.ch\/index.php?rest_route=\/wp\/v2\/pages"}],"about":[{"href":"https:\/\/astrosana.ch\/index.php?rest_route=\/wp\/v2\/types\/page"}],"author":[{"embeddable":true,"href":"https:\/\/astrosana.ch\/index.php?rest_route=\/wp\/v2\/users\/1"}],"replies":[{"embeddable":true,"href":"https:\/\/astrosana.ch\/index.php?rest_route=%2Fwp%2Fv2%2Fcomments&post=52"}],"version-history":[{"count":5,"href":"https:\/\/astrosana.ch\/index.php?rest_route=\/wp\/v2\/pages\/52\/revisions"}],"predecessor-version":[{"id":73,"href":"https:\/\/astrosana.ch\/index.php?rest_route=\/wp\/v2\/pages\/52\/revisions\/73"}],"up":[{"embeddable":true,"href":"https:\/\/astrosana.ch\/index.php?rest_route=\/wp\/v2\/pages\/46"}],"wp:attachment":[{"href":"https:\/\/astrosana.ch\/index.php?rest_route=%2Fwp%2Fv2%2Fmedia&parent=52"}],"curies":[{"name":"wp","href":"https:\/\/api.w.org\/{rel}","templated":true}]}}