{"id":14,"date":"2014-02-09T12:27:49","date_gmt":"2014-02-09T10:27:49","guid":{"rendered":"http:\/\/astrosana.ch\/?page_id=14"},"modified":"2014-02-09T12:31:50","modified_gmt":"2014-02-09T10:31:50","slug":"anfahrt","status":"publish","type":"page","link":"https:\/\/astrosana.ch\/?page_id=14","title":{"rendered":"Anfahrt"},"content":{"rendered":"<p><strong>Aus Richtung Bern \/  Z\u00fcrich<\/strong><br \/>\nAutobahn A1 Ausfahrt Lenzburg links Richtung Luzern \/ Hochdorf \/ Wohlen<br \/>\nCa. 3 km auf der Hauptstrasse geradeaus fahren<br \/>\nbeim 1. Kreisel (Coop-Tankstelle) geradeaus fahren<br \/>\nbeim 2. Kreisel rechts Richtung Hochdorf \/ Villmergen fahren<br \/>\nDurch Villmergen durchfahren, rechts bleiben, Wegweiser Richtung Hochdorf \/ Seetal folgen.<br \/>\nCa. 2 km nach dem kleinen D\u00f6rflein Hilfikon sehen Sie die Ortstafel von Sarmenstorf. Ab hier ** wie unten<\/p>\n<p><strong>Aus Richtung Zug \/ Freiamt:\t<\/strong><br \/>\nMuri  &#8211;  Boswil  &#8211;  beim Kreisel geradeaus auf Hauptstrasse bleiben bis zur Lichtsignalanlage in der N\u00e4he der Garage Geissmann, dort links abbiegen Richtung Hochdorf \/ Villmergen.<br \/>\nBei der zweiten Kurve Wegweiser Richtung Hochdorf \/ Seetal.<br \/>\nCa. 2 km nach dem kleinen D\u00f6rflein Hilfikon sehen Sie die Ortstafel von Sarmenstorf.<br \/>\nAb hier ** wie unten<\/p>\n<p><strong>Aus Richtung Mutschellen \/ Bremgarten \/ Wohlen:<\/strong><br \/>\nDurch Wohlen hindurch Richtung Villmergen \/ Luzern beim Lichtsignal in der N\u00e4he der Garage Geissmann geradeaus Richtung Hochdorf, Villmergen.<br \/>\nBei der zweiten Kurve Wegweiser Richtung Hochdorf\/Seetal.<br \/>\nCa. 2 km nach dem kleinen D\u00f6rflein Hilfikon sehen Sie die Ortstafel von Sarmenstorf.<br \/>\nAb hier ** wie unten<\/p>\n<p><strong>** Achtung: <\/strong><br \/>\nKurz nach der Ortstafel \u00e2\u20ac\u017eSarmenstorf\u00e2\u20ac\u0153 und der \u00e2\u20ac\u017e50er Tafel\u00e2\u20ac\u0153 befindet sich zu Ihrer Rechten eine kleine Autowaschanlage, daneben ein Neubau und die Einfahrt Jurastrasse.<\/p>\n<p>Auf dieser H\u00f6he, genau vis \u00e0\u00a0 vis, auf der linken Seite befindet sich eine Scheune mit \u00e2\u20ac\u017eorangem Markierungshut\u00e2\u20ac\u0153 an der Dachspitze. Von diesem Vorplatz aus f\u00fchrt eine Privatstrasse zu unserem Einfamilienhaus  (Winkelform weiss).  Am Carport befindet sich ein weisses Schild \u00e2\u20ac\u017eAstro-Studio\u00e2\u20ac\u0153.<\/p>\n<p>Praxis = 2. Eingang<br \/>\nBitte Parkplatz vor dem Haus benutzen.<\/p>\n<p>Gute Fahrt und herzlich Willkommen!<\/p>\n<div style=\"width: 450px\"><iframe loading=\"lazy\" width=\"450\" height=\"300\" src=\"http:\/\/regiohelden.de\/google-maps\/map.php?width=450&#038;height=300&#038;hl=de&#038;q=Hilfikerstrasse%2046%2C%205614%20Sarmenstorf+(Astrosana)&#038;ie=UTF8&#038;t=&#038;z=14&#038;iwloc=A&#038;output=embed\" frameborder=\"0\" scrolling=\"no\" marginheight=\"0\" marginwidth=\"0\"><a style=\"font-size: 9px;\" href=\"http:\/\/www.regiohelden.de\/google-maps\/\" style=\"font-size: 9px;\">Google Maps Generator<\/a> by <a href=\"http:\/\/www.regiohelden.de\/\">RegioHelden<\/a><\/iframe><br \/><span style=\"font-size: 9px;\"><a style=\"font-size: 9px;\" href=\"http:\/\/www.regiohelden.de\/google-maps\/\" style=\"font-size: 9px;\">Google Maps Generator<\/a> by <a href=\"http:\/\/www.regiohelden.de\/\" style=\"font-size: 9px;\">RegioHelden<\/a><\/span><\/div>\n","protected":false},"excerpt":{"rendered":"<p>Aus Richtung Bern \/ Z\u00fcrich Autobahn A1 Ausfahrt Lenzburg links Richtung Luzern \/ Hochdorf \/ Wohlen Ca. 3 km auf der Hauptstrasse geradeaus fahren beim 1. Kreisel (Coop-Tankstelle) geradeaus fahren beim 2. Kreisel rechts Richtung Hochdorf \/ Villmergen fahren Durch Villmergen durchfahren, rechts bleiben, Wegweiser Richtung Hochdorf \/ Seetal folgen. Ca. 2 km nach dem [&hellip;]<\/p>\n","protected":false},"author":1,"featured_media":0,"parent":2,"menu_order":2,"comment_status":"open","ping_status":"open","template":"","meta":{"footnotes":""},"class_list":["post-14","page","type-page","status-publish","hentry"],"_links":{"self":[{"href":"https:\/\/astrosana.ch\/index.php?rest_route=\/wp\/v2\/pages\/14","targetHints":{"allow":["GET"]}}],"collection":[{"href":"https:\/\/astrosana.ch\/index.php?rest_route=\/wp\/v2\/pages"}],"about":[{"href":"https:\/\/astrosana.ch\/index.php?rest_route=\/wp\/v2\/types\/page"}],"author":[{"embeddable":true,"href":"https:\/\/astrosana.ch\/index.php?rest_route=\/wp\/v2\/users\/1"}],"replies":[{"embeddable":true,"href":"https:\/\/astrosana.ch\/index.php?rest_route=%2Fwp%2Fv2%2Fcomments&post=14"}],"version-history":[{"count":4,"href":"https:\/\/astrosana.ch\/index.php?rest_route=\/wp\/v2\/pages\/14\/revisions"}],"predecessor-version":[{"id":18,"href":"https:\/\/astrosana.ch\/index.php?rest_route=\/wp\/v2\/pages\/14\/revisions\/18"}],"up":[{"embeddable":true,"href":"https:\/\/astrosana.ch\/index.php?rest_route=\/wp\/v2\/pages\/2"}],"wp:attachment":[{"href":"https:\/\/astrosana.ch\/index.php?rest_route=%2Fwp%2Fv2%2Fmedia&parent=14"}],"curies":[{"name":"wp","href":"https:\/\/api.w.org\/{rel}","templated":true}]}}